{"id":1046,"date":"2018-09-26T10:27:32","date_gmt":"2018-09-26T10:27:32","guid":{"rendered":"http:\/\/viaro.org\/servicio-a-la-comunidad\/"},"modified":"2019-02-12T21:26:31","modified_gmt":"2019-02-12T21:26:31","slug":"servicio-a-la-comunidad","status":"publish","type":"page","link":"https:\/\/viaro.org\/ca\/comunidad-y-servicios\/servicio-a-la-comunidad\/","title":{"rendered":"Servei a la Comunitat"},"content":{"rendered":"<h2>Comprom\u00eds amb els m\u00e9s propers<\/h2>\n<p>Compromesos amb la nostra missi\u00f3 de col\u00b7laborar en la construcci\u00f3 d\u2019una societat millor, organitzem cada any diverses campanyes de recollida d\u2019aliments. Els productes b\u00e0sics que es recullen es lliuren a l\u2019associaci\u00f3 Acci\u00f3 Social Montalegre de Barcelona i a C\u00e0ritas Sant Cugat, que s\u2019encarreguen de repartir-les entre fam\u00edlies necessitades d\u2019aquests municipis.<\/p>\n<p><img decoding=\"async\" class=\"size-full wp-image-1057 aligncenter\" src=\"https:\/\/viaro.org\/wp-content\/uploads\/2018\/10\/caritas.jpg\" alt=\"caritas\" width=\"197\" height=\"165\" \/><br \/>\n<img decoding=\"async\" class=\"size-full wp-image-1058 aligncenter\" src=\"https:\/\/viaro.org\/wp-content\/uploads\/2018\/10\/asm.jpg\" alt=\"asm\" width=\"435\" height=\"147\" srcset=\"https:\/\/viaro.org\/wp-content\/uploads\/2018\/10\/asm.jpg 435w, https:\/\/viaro.org\/wp-content\/uploads\/2018\/10\/asm-300x101.jpg 300w\" sizes=\"(max-width: 435px) 100vw, 435px\" \/><br \/>\n<img decoding=\"async\" class=\"size-full wp-image-1059 aligncenter\" src=\"https:\/\/viaro.org\/wp-content\/uploads\/2018\/10\/amma.jpg\" alt=\"grupo amma\" width=\"335\" height=\"174\" srcset=\"https:\/\/viaro.org\/wp-content\/uploads\/2018\/10\/amma.jpg 335w, https:\/\/viaro.org\/wp-content\/uploads\/2018\/10\/amma-300x156.jpg 300w\" sizes=\"(max-width: 335px) 100vw, 335px\" \/><br \/>\n<img decoding=\"async\" class=\"size-full wp-image-1060 aligncenter\" src=\"https:\/\/viaro.org\/wp-content\/uploads\/2018\/10\/sant-joan-de-deu.jpg\" alt=\"sant joan de d\u00e9u\" width=\"507\" height=\"113\" srcset=\"https:\/\/viaro.org\/wp-content\/uploads\/2018\/10\/sant-joan-de-deu.jpg 507w, https:\/\/viaro.org\/wp-content\/uploads\/2018\/10\/sant-joan-de-deu-300x67.jpg 300w\" sizes=\"(max-width: 507px) 100vw, 507px\" \/><\/p>\n<p><img decoding=\"async\" class=\"alignnone size-full wp-image-1047\" src=\"https:\/\/viaro.org\/wp-content\/uploads\/2018\/10\/solaridad-global.jpg\" alt=\"solaridad global\" width=\"571\" height=\"321\" srcset=\"https:\/\/viaro.org\/wp-content\/uploads\/2018\/10\/solaridad-global.jpg 571w, https:\/\/viaro.org\/wp-content\/uploads\/2018\/10\/solaridad-global-297x167.jpg 297w, https:\/\/viaro.org\/wp-content\/uploads\/2018\/10\/solaridad-global-300x169.jpg 300w, https:\/\/viaro.org\/wp-content\/uploads\/2018\/10\/solaridad-global-410x230.jpg 410w\" sizes=\"(max-width: 571px) 100vw, 571px\" \/><\/p>\n<h2>Solidaritat global<\/h2>\n<p>De la mateixa manera, cada Nadal organitzem una campanya per ajudar a finan\u00e7ar projectes educatius i assistencials (centres m\u00e8dics, millora de col\u00b7legis, finan\u00e7ament de beques i operacions, etc.) en regions desafavorides de l\u2019\u00c0frica i d\u2019Am\u00e8rica Central.<\/p>\n<p><img decoding=\"async\" class=\"alignnone size-full wp-image-1056\" src=\"https:\/\/viaro.org\/wp-content\/uploads\/2018\/10\/recogida-fondos.jpg\" alt=\"recogida de fondos\" width=\"568\" height=\"320\" srcset=\"https:\/\/viaro.org\/wp-content\/uploads\/2018\/10\/recogida-fondos.jpg 568w, https:\/\/viaro.org\/wp-content\/uploads\/2018\/10\/recogida-fondos-297x167.jpg 297w, https:\/\/viaro.org\/wp-content\/uploads\/2018\/10\/recogida-fondos-300x169.jpg 300w, https:\/\/viaro.org\/wp-content\/uploads\/2018\/10\/recogida-fondos-410x231.jpg 410w\" sizes=\"(max-width: 568px) 100vw, 568px\" \/><\/p>\n<h2>Contacte directe amb les persones necessitades<\/h2>\n<p>Las campanyes de recollida de diners i d\u2019aliments suposen una gran ajuda per als seus destinataris i contribueixen a crear una societat m\u00e9s justa. Tot i aix\u00f2, considerem que s\u00f3n insuficients per assolir els objectius de formaci\u00f3 en termes de solidaritat i responsabilitat social. Per aix\u00f2, a m\u00e9s de les sessions de sensibilitzaci\u00f3 que programem al llarg del curs, procurem que tots els alumnes de Viar\u00f3 tinguin un contacte real i directe amb persones necessitades.<\/p>\n<p>Actualment, i a partir de Secund\u00e0ria, els nostres alumnes realitzen en grups redu\u00efts les seg\u00fcents activitats solid\u00e0ries:<\/p>\n<ol>\n<li>Acompanyament d\u2019avis a la Resid\u00e8ncia AMMA de Sant Cugat.<\/li>\n<li>Servir indigents en els menjadors de les Missioneres de la Caritat (Mare Teresa) de Barcelona.<\/li>\n<li>Atenci\u00f3 de nens malalts a l\u2019Hospital Infantil Sant Joan de D\u00e9u de Barcelona.<\/li>\n<li>Activitats esportives amb persones discapacitades.<\/li>\n<li>Viatge Solidari de fi de curs a l\u2019estranger (per als alumnes que ho desitgin en acabar 2n de Batxillerat).<\/li>\n<\/ol>\n","protected":false},"excerpt":{"rendered":"<p>Comprom\u00eds amb els m\u00e9s propers Compromesos amb la nostra missi\u00f3 de col\u00b7laborar en la construcci\u00f3 d\u2019una societat millor, organitzem cada any diverses campanyes de recollida d\u2019aliments. Els productes b\u00e0sics que es recullen es lliuren a l\u2019associaci\u00f3 Acci\u00f3 Social Montalegre de Barcelona i a C\u00e0ritas Sant Cugat, que s\u2019encarreguen de repartir-les entre fam\u00edlies necessitades d\u2019aquests municipis. [&hellip;]<\/p>\n","protected":false},"author":2,"featured_media":1048,"parent":1337,"menu_order":0,"comment_status":"closed","ping_status":"closed","template":"page-related.php","meta":{"_uag_custom_page_level_css":"","_joinchat":[],"footnotes":""},"class_list":["post-1046","page","type-page","status-publish","has-post-thumbnail","hentry"],"uagb_featured_image_src":{"full":["https:\/\/viaro.org\/wp-content\/uploads\/2018\/11\/header-servicio-comunidad.jpg",2880,752,false],"thumbnail":["https:\/\/viaro.org\/wp-content\/uploads\/2018\/11\/header-servicio-comunidad-150x150.jpg",150,150,true],"medium":["https:\/\/viaro.org\/wp-content\/uploads\/2018\/11\/header-servicio-comunidad-300x78.jpg",300,78,true],"medium_large":["https:\/\/viaro.org\/wp-content\/uploads\/2018\/11\/header-servicio-comunidad-768x201.jpg",640,168,true],"large":["https:\/\/viaro.org\/wp-content\/uploads\/2018\/11\/header-servicio-comunidad-1024x267.jpg",640,167,true],"1536x1536":["https:\/\/viaro.org\/wp-content\/uploads\/2018\/11\/header-servicio-comunidad.jpg",1536,401,false],"2048x2048":["https:\/\/viaro.org\/wp-content\/uploads\/2018\/11\/header-servicio-comunidad.jpg",2048,535,false],"related-content":["https:\/\/viaro.org\/wp-content\/uploads\/2018\/11\/header-servicio-comunidad-297x167.jpg",297,167,true]},"uagb_author_info":{"display_name":"","author_link":"https:\/\/viaro.org\/ca\/author\/"},"uagb_comment_info":0,"uagb_excerpt":"Comprom\u00eds amb els m\u00e9s propers Compromesos amb la nostra missi\u00f3 de col\u00b7laborar en la construcci\u00f3 d\u2019una societat millor, organitzem cada any diverses campanyes de recollida d\u2019aliments. Els productes b\u00e0sics que es recullen es lliuren a l\u2019associaci\u00f3 Acci\u00f3 Social Montalegre de Barcelona i a C\u00e0ritas Sant Cugat, que s\u2019encarreguen de repartir-les entre fam\u00edlies necessitades d\u2019aquests municipis.&hellip;","_links":{"self":[{"href":"https:\/\/viaro.org\/ca\/wp-json\/wp\/v2\/pages\/1046","targetHints":{"allow":["GET"]}}],"collection":[{"href":"https:\/\/viaro.org\/ca\/wp-json\/wp\/v2\/pages"}],"about":[{"href":"https:\/\/viaro.org\/ca\/wp-json\/wp\/v2\/types\/page"}],"author":[{"embeddable":true,"href":"https:\/\/viaro.org\/ca\/wp-json\/wp\/v2\/users\/2"}],"replies":[{"embeddable":true,"href":"https:\/\/viaro.org\/ca\/wp-json\/wp\/v2\/comments?post=1046"}],"version-history":[{"count":3,"href":"https:\/\/viaro.org\/ca\/wp-json\/wp\/v2\/pages\/1046\/revisions"}],"predecessor-version":[{"id":1055,"href":"https:\/\/viaro.org\/ca\/wp-json\/wp\/v2\/pages\/1046\/revisions\/1055"}],"up":[{"embeddable":true,"href":"https:\/\/viaro.org\/ca\/wp-json\/wp\/v2\/pages\/1337"}],"wp:featuredmedia":[{"embeddable":true,"href":"https:\/\/viaro.org\/ca\/wp-json\/wp\/v2\/media\/1048"}],"wp:attachment":[{"href":"https:\/\/viaro.org\/ca\/wp-json\/wp\/v2\/media?parent=1046"}],"curies":[{"name":"wp","href":"https:\/\/api.w.org\/{rel}","templated":true}]}}

<h2>Compromís amb els més propers</h2>
<p>Compromesos amb la nostra missió de col·laborar en la construcció d’una societat millor, organitzem cada any diverses campanyes de recollida d’aliments. Els productes bàsics que es recullen es lliuren a l’associació Acció Social Montalegre de Barcelona i a Càritas Sant Cugat, que s’encarreguen de repartir-les entre famílies necessitades d’aquests municipis.</p>
<p><img decoding="async" class="size-full wp-image-1057 aligncenter" src="https://viaro.org/wp-content/uploads/2018/10/caritas.jpg" alt="caritas" width="197" height="165" /><br />
<img decoding="async" class="size-full wp-image-1058 aligncenter" src="https://viaro.org/wp-content/uploads/2018/10/asm.jpg" alt="asm" width="435" height="147" srcset="https://viaro.org/wp-content/uploads/2018/10/asm.jpg 435w, https://viaro.org/wp-content/uploads/2018/10/asm-300x101.jpg 300w" sizes="(max-width: 435px) 100vw, 435px" /><br />
<img decoding="async" class="size-full wp-image-1059 aligncenter" src="https://viaro.org/wp-content/uploads/2018/10/amma.jpg" alt="grupo amma" width="335" height="174" srcset="https://viaro.org/wp-content/uploads/2018/10/amma.jpg 335w, https://viaro.org/wp-content/uploads/2018/10/amma-300x156.jpg 300w" sizes="(max-width: 335px) 100vw, 335px" /><br />
<img decoding="async" class="size-full wp-image-1060 aligncenter" src="https://viaro.org/wp-content/uploads/2018/10/sant-joan-de-deu.jpg" alt="sant joan de déu" width="507" height="113" srcset="https://viaro.org/wp-content/uploads/2018/10/sant-joan-de-deu.jpg 507w, https://viaro.org/wp-content/uploads/2018/10/sant-joan-de-deu-300x67.jpg 300w" sizes="(max-width: 507px) 100vw, 507px" /></p>
<p><img decoding="async" class="alignnone size-full wp-image-1047" src="https://viaro.org/wp-content/uploads/2018/10/solaridad-global.jpg" alt="solaridad global" width="571" height="321" srcset="https://viaro.org/wp-content/uploads/2018/10/solaridad-global.jpg 571w, https://viaro.org/wp-content/uploads/2018/10/solaridad-global-297x167.jpg 297w, https://viaro.org/wp-content/uploads/2018/10/solaridad-global-300x169.jpg 300w, https://viaro.org/wp-content/uploads/2018/10/solaridad-global-410x230.jpg 410w" sizes="(max-width: 571px) 100vw, 571px" /></p>
<h2>Solidaritat global</h2>
<p>De la mateixa manera, cada Nadal organitzem una campanya per ajudar a finançar projectes educatius i assistencials (centres mèdics, millora de col·legis, finançament de beques i operacions, etc.) en regions desafavorides de l’Àfrica i d’Amèrica Central.</p>
<p><img decoding="async" class="alignnone size-full wp-image-1056" src="https://viaro.org/wp-content/uploads/2018/10/recogida-fondos.jpg" alt="recogida de fondos" width="568" height="320" srcset="https://viaro.org/wp-content/uploads/2018/10/recogida-fondos.jpg 568w, https://viaro.org/wp-content/uploads/2018/10/recogida-fondos-297x167.jpg 297w, https://viaro.org/wp-content/uploads/2018/10/recogida-fondos-300x169.jpg 300w, https://viaro.org/wp-content/uploads/2018/10/recogida-fondos-410x231.jpg 410w" sizes="(max-width: 568px) 100vw, 568px" /></p>
<h2>Contacte directe amb les persones necessitades</h2>
<p>Las campanyes de recollida de diners i d’aliments suposen una gran ajuda per als seus destinataris i contribueixen a crear una societat més justa. Tot i això, considerem que són insuficients per assolir els objectius de formació en termes de solidaritat i responsabilitat social. Per això, a més de les sessions de sensibilització que programem al llarg del curs, procurem que tots els alumnes de Viaró tinguin un contacte real i directe amb persones necessitades.</p>
<p>Actualment, i a partir de Secundària, els nostres alumnes realitzen en grups reduïts les següents activitats solidàries:</p>
<ol>
<li>Acompanyament d’avis a la Residència AMMA de Sant Cugat.</li>
<li>Servir indigents en els menjadors de les Missioneres de la Caritat (Mare Teresa) de Barcelona.</li>
<li>Atenció de nens malalts a l’Hospital Infantil Sant Joan de Déu de Barcelona.</li>
<li>Activitats esportives amb persones discapacitades.</li>
<li>Viatge Solidari de fi de curs a l’estranger (per als alumnes que ho desitgin en acabar 2n de Batxillerat).</li>
</ol>

<p>Compromís amb els més propers Compromesos amb la nostra missió de col·laborar en la construcció d’una societat millor, organitzem cada any diverses campanyes de recollida d’aliments. Els productes bàsics que es recullen es lliuren a l’associació Acció Social Montalegre de Barcelona i a Càritas Sant Cugat, que s’encarreguen de repartir-les entre famílies necessitades d’aquests municipis. [&hellip;]</p>

Compromís amb els més propers Compromesos amb la nostra missió de col·laborar en la construcció d’una societat millor, organitzem cada any diverses campanyes de recollida d’aliments. Els productes bàsics que es recullen es lliuren a l’associació Acció Social Montalegre de Barcelona i a Càritas Sant Cugat, que s’encarreguen de repartir-les entre famílies necessitades d’aquests municipis.&hellip;
