{"id":7856,"date":"2021-02-19T10:18:06","date_gmt":"2021-02-19T10:18:06","guid":{"rendered":"http:\/\/viaro.org\/portes-obertes-infantil\/"},"modified":"2021-04-07T09:36:49","modified_gmt":"2021-04-07T09:36:49","slug":"portes-obertes-infantil","status":"publish","type":"page","link":"https:\/\/viaro.org\/ca\/portes-obertes-infantil\/","title":{"rendered":"Portes Obertes Infantil"},"content":{"rendered":"\n<h2 class=\"wp-block-heading\">ESPAIS<\/h2>\n\n<p>Benvinguts a Infantil Viar\u00f3 Global School. Hem creat aquesta p\u00e0gina perqu\u00e8 puguis con\u00e8ixer una mica millor els nostres espais i el nostre projecte. Igualment t&#8217;animem que ens vinguis a veure presencialment. Tenim les portes obertes per a tu!<\/p>\n\n<h2 class=\"wp-block-heading\">EL NOSTRE PROJECTE<\/h2>\n\n<h3 class=\"wp-block-heading\">ANGL\u00c8S<\/h3>\n\n<p>Treballar l&#8217;angl\u00e8s des de P0 ens permetr\u00e0 desenvolupar millors habilitats en el pensament cr\u00edtic, de resoluci\u00f3 de problemes i major flexibilitat mental. Nens m\u00e9s oberts en un m\u00f3n global.<\/p>\n\n<h3 class=\"wp-block-heading\">PSICOMOTRICITAT<\/h3>\n\n<p>L&#8217;aula de psicomotricitat \u00e9s un espai transversal on els nens de 0 a 6 anys desenvolupen el seu moviment, prenen consci\u00e8ncia del seu propi cos i descobreixen el llenguatge emocional.<\/p>\n\n<h3 class=\"wp-block-heading\">MENJADOR<\/h3>\n\n<p>Tenir cuina pr\u00f2pia i el suport d&#8217;una nutricionista ens permet oferir dietes sanes, saludables i equilibrades.<\/p>\n\n<h3 class=\"wp-block-heading\">NENS FELI\u00c7OS<\/h3>\n\n<p>Un curr\u00edculum ric en oportunitats que permeti personalitzar l&#8217;educaci\u00f3 en la singularitat de cada nen. Fomentar l&#8217;autonomia personal i estar obert als altres!<\/p>\n\n<h3 class=\"wp-block-heading\">NENS VALENTS<\/h3>\n\n<p>Base ferma en lectoescriptura i llenguatge matem\u00e0tic, exercitar-se en m\u00faltiples llenguatges, l&#8217;error com a oportunitat, raonament l\u00f2gic, creatiu i cr\u00edtic, aix\u00ed com un clima de confian\u00e7a i superaci\u00f3. Aprendre a aprendre contagiant una actitud positiva, realista i valent enfront de la vida!<\/p>\n\n<h3 class=\"wp-block-heading\">NENS OBERTS<\/h3>\n\n<p>Triling\u00fcisme, educar en el di\u00e0leg i l&#8217;escolta, ensenyar a mirar i a sentir amb respecte la diversitat, \u00fas de les tecnologies com a eines d&#8217;aprenentatge i comunicaci\u00f3 amb persones de tot el m\u00f3n.<\/p>\n\n<h3 class=\"wp-block-heading\">NI\u00d1OS RESPONSABLES<\/h3>\n\n<p>Educar en la responsabilitat del nostre m\u00f3n i el servei als altres. Connectar el que s&#8217;ensenya a les seves vides, interessos i necessitats. Treballar en equip per a aconseguir metes m\u00e9s altes d&#8217;aprenentatge!<\/p>\n\n<h2 class=\"wp-block-heading\">CONTACTE<\/h2>\n\n<h3 class=\"wp-block-heading\">TENS DUBTES?<\/h3>\n\n<p>Estem per a ajudar-te: envia&#8217;ns un missatge de Whatsapp o emplena el formulari si prefereixes que et truquem.<\/p>\n","protected":false},"excerpt":{"rendered":"<p>ESPAIS Benvinguts a Infantil Viar\u00f3 Global School. Hem creat aquesta p\u00e0gina perqu\u00e8 puguis con\u00e8ixer una mica millor els nostres espais i el nostre projecte. Igualment t&#8217;animem que ens vinguis a veure presencialment. Tenim les portes obertes per a tu! EL NOSTRE PROJECTE ANGL\u00c8S Treballar l&#8217;angl\u00e8s des de P0 ens permetr\u00e0 desenvolupar millors habilitats en el [&hellip;]<\/p>\n","protected":false},"author":7,"featured_media":7861,"parent":0,"menu_order":0,"comment_status":"closed","ping_status":"closed","template":"template-videos.php","meta":{"_uag_custom_page_level_css":"","_joinchat":[],"footnotes":""},"class_list":["post-7856","page","type-page","status-publish","has-post-thumbnail","hentry"],"uagb_featured_image_src":{"full":["https:\/\/viaro.org\/wp-content\/uploads\/2021\/02\/puertas-abiertas-infantil.jpg",2560,918,false],"thumbnail":["https:\/\/viaro.org\/wp-content\/uploads\/2021\/02\/puertas-abiertas-infantil-150x150.jpg",150,150,true],"medium":["https:\/\/viaro.org\/wp-content\/uploads\/2021\/02\/puertas-abiertas-infantil-300x108.jpg",300,108,true],"medium_large":["https:\/\/viaro.org\/wp-content\/uploads\/2021\/02\/puertas-abiertas-infantil-768x275.jpg",640,229,true],"large":["https:\/\/viaro.org\/wp-content\/uploads\/2021\/02\/puertas-abiertas-infantil-1024x367.jpg",640,229,true],"1536x1536":["https:\/\/viaro.org\/wp-content\/uploads\/2021\/02\/puertas-abiertas-infantil-1536x551.jpg",1536,551,true],"2048x2048":["https:\/\/viaro.org\/wp-content\/uploads\/2021\/02\/puertas-abiertas-infantil-2048x734.jpg",2048,734,true],"related-content":["https:\/\/viaro.org\/wp-content\/uploads\/2021\/02\/puertas-abiertas-infantil-297x167.jpg",297,167,true]},"uagb_author_info":{"display_name":"Enrique Gonz\u00e1lez","author_link":"https:\/\/viaro.org\/ca\/author\/egonzalez\/"},"uagb_comment_info":0,"uagb_excerpt":"ESPAIS Benvinguts a Infantil Viar\u00f3 Global School. Hem creat aquesta p\u00e0gina perqu\u00e8 puguis con\u00e8ixer una mica millor els nostres espais i el nostre projecte. Igualment t&#8217;animem que ens vinguis a veure presencialment. Tenim les portes obertes per a tu! EL NOSTRE PROJECTE ANGL\u00c8S Treballar l&#8217;angl\u00e8s des de P0 ens permetr\u00e0 desenvolupar millors habilitats en el&hellip;","_links":{"self":[{"href":"https:\/\/viaro.org\/ca\/wp-json\/wp\/v2\/pages\/7856","targetHints":{"allow":["GET"]}}],"collection":[{"href":"https:\/\/viaro.org\/ca\/wp-json\/wp\/v2\/pages"}],"about":[{"href":"https:\/\/viaro.org\/ca\/wp-json\/wp\/v2\/types\/page"}],"author":[{"embeddable":true,"href":"https:\/\/viaro.org\/ca\/wp-json\/wp\/v2\/users\/7"}],"replies":[{"embeddable":true,"href":"https:\/\/viaro.org\/ca\/wp-json\/wp\/v2\/comments?post=7856"}],"version-history":[{"count":15,"href":"https:\/\/viaro.org\/ca\/wp-json\/wp\/v2\/pages\/7856\/revisions"}],"predecessor-version":[{"id":8262,"href":"https:\/\/viaro.org\/ca\/wp-json\/wp\/v2\/pages\/7856\/revisions\/8262"}],"wp:featuredmedia":[{"embeddable":true,"href":"https:\/\/viaro.org\/ca\/wp-json\/wp\/v2\/media\/7861"}],"wp:attachment":[{"href":"https:\/\/viaro.org\/ca\/wp-json\/wp\/v2\/media?parent=7856"}],"curies":[{"name":"wp","href":"https:\/\/api.w.org\/{rel}","templated":true}]}}

<h2 class="wp-block-heading">ESPAIS</h2>

<p>Benvinguts a Infantil Viaró Global School. Hem creat aquesta pàgina perquè puguis conèixer una mica millor els nostres espais i el nostre projecte. Igualment t&#8217;animem que ens vinguis a veure presencialment. Tenim les portes obertes per a tu!</p>

<h2 class="wp-block-heading">EL NOSTRE PROJECTE</h2>

<h3 class="wp-block-heading">ANGLÈS</h3>

<p>Treballar l&#8217;anglès des de P0 ens permetrà desenvolupar millors habilitats en el pensament crític, de resolució de problemes i major flexibilitat mental. Nens més oberts en un món global.</p>

<h3 class="wp-block-heading">PSICOMOTRICITAT</h3>

<p>L&#8217;aula de psicomotricitat és un espai transversal on els nens de 0 a 6 anys desenvolupen el seu moviment, prenen consciència del seu propi cos i descobreixen el llenguatge emocional.</p>

<h3 class="wp-block-heading">MENJADOR</h3>

<p>Tenir cuina pròpia i el suport d&#8217;una nutricionista ens permet oferir dietes sanes, saludables i equilibrades.</p>

<h3 class="wp-block-heading">NENS FELIÇOS</h3>

<p>Un currículum ric en oportunitats que permeti personalitzar l&#8217;educació en la singularitat de cada nen. Fomentar l&#8217;autonomia personal i estar obert als altres!</p>

<h3 class="wp-block-heading">NENS VALENTS</h3>

<p>Base ferma en lectoescriptura i llenguatge matemàtic, exercitar-se en múltiples llenguatges, l&#8217;error com a oportunitat, raonament lògic, creatiu i crític, així com un clima de confiança i superació. Aprendre a aprendre contagiant una actitud positiva, realista i valent enfront de la vida!</p>

<h3 class="wp-block-heading">NENS OBERTS</h3>

<p>Trilingüisme, educar en el diàleg i l&#8217;escolta, ensenyar a mirar i a sentir amb respecte la diversitat, ús de les tecnologies com a eines d&#8217;aprenentatge i comunicació amb persones de tot el món.</p>

<h3 class="wp-block-heading">NIÑOS RESPONSABLES</h3>

<p>Educar en la responsabilitat del nostre món i el servei als altres. Connectar el que s&#8217;ensenya a les seves vides, interessos i necessitats. Treballar en equip per a aconseguir metes més altes d&#8217;aprenentatge!</p>

<h2 class="wp-block-heading">CONTACTE</h2>

<h3 class="wp-block-heading">TENS DUBTES?</h3>

<p>Estem per a ajudar-te: envia&#8217;ns un missatge de Whatsapp o emplena el formulari si prefereixes que et truquem.</p>

<p>ESPAIS Benvinguts a Infantil Viaró Global School. Hem creat aquesta pàgina perquè puguis conèixer una mica millor els nostres espais i el nostre projecte. Igualment t&#8217;animem que ens vinguis a veure presencialment. Tenim les portes obertes per a tu! EL NOSTRE PROJECTE ANGLÈS Treballar l&#8217;anglès des de P0 ens permetrà desenvolupar millors habilitats en el [&hellip;]</p>

Enrique González

ESPAIS Benvinguts a Infantil Viaró Global School. Hem creat aquesta pàgina perquè puguis conèixer una mica millor els nostres espais i el nostre projecte. Igualment t&#8217;animem que ens vinguis a veure presencialment. Tenim les portes obertes per a tu! EL NOSTRE PROJECTE ANGLÈS Treballar l&#8217;anglès des de P0 ens permetrà desenvolupar millors habilitats en el&hellip;
